ommon divisor of g and a.
5
Suppose 149 = 5*h + 604. Let k = h + 157. Suppose -15*f = 11*f - 156. Calculate the greatest common factor of k and f.
6
Let p be 5/20 - 26/8. Let k be 0 - (3 - 3) - p. Suppose -4*d - 4*l + 24 = 0, -k*d - l = -5*d + 6. What is the greatest common divisor of d and 4?
4
Let o = 2656 - 2397. What is the highest common factor of 148 and o?
37
Suppose -17 = -2*v + 221. Suppose -6*t + 7*t - g - 12 = 0, 5*t - g = 80. What is the highest common factor of v and t?
17
Suppose 11 - 6 = u. Suppose 120 = b - 3*d + 5*d, -u*b + 5*d = -540. Let o be (-48)/(-9)*(2 - -1). What is the greatest common divisor of b and o?
16
Let z(m) = m + 10. Let l = -21 - -3. Let d = l - -11. Let g be z(d). Calculate the greatest common divisor of g and 12.
3
Suppose 10*a = 6816 - 376. What is the highest common factor of a and 92?
92
Let a(w) = -w**3 + 4*w**2 - 4*w + 6. Let z be a(4). Let t be (-5)/(z/14) + -4. Let l = 1 + 8. What is the highest common divisor of l and t?
3
Suppose 5*g - 3*t - 1763 = 0, 292 - 296 = 4*t. What is the greatest common divisor of 132 and g?
44
Let l(f) = 7*f**2 - 54*f + 12. Let y be l(8). Suppose 5*s - 759 = -4*h, 4*s + 216 = h - 0*h. Calculate the highest common divisor of y and h.
28
Suppose -m = -6*m, 2*d - 516 = -4*m. Calculate the greatest common factor of d and 6.
6
Let m be 0*7/42 + 0 + 28. What is the highest common divisor of 12 and m?
4
Suppose -5*q + 61 = 3*k, -k + 3*q = -q + 8. Let m = 56 + -14. Let s = m + -39. Calculate the highest common divisor of k and s.
3
Suppose o - 27 = -0*l - l, 117 = 4*o + l. Calculate the highest common factor of o and 270.
30
Let x(v) = -v**2 - 4*v. Let j be x(-4). Suppose d - 4*s = -2*d + 100, -s + 2 = j. What is the highest common divisor of 27 and d?
9
Suppose 0 = 16*z - 208 + 32. Calculate the greatest common divisor of 539 and z.
11
Let v(f) = -5*f - 23. Let q be v(-12). Suppose -8*t + 3*t + 61 = -2*m, -2*t = m - 28. Let i = q - t. What is the greatest common factor of 8 and i?
8
Let u be 2*((-217)/(-2) + -2). Let y = -128 + u. Let a(q) = -q**3 + 7*q**2 + 4*q + 6. Let c be a(7). Calculate the highest common factor of c and y.
17
Let y = 14 + -11. Suppose -3*t - u = -3*u - 16, 4 = -y*t - 2*u. Suppose t*r = 5*r - 18. What is the greatest common divisor of r and 9?
3
Let s(j) be the third derivative of j**5/12 + j**4/6 + 2*j**3/3 - 23*j**2. Let i be s(-1). What is the highest common factor of 45 and i?
5
Let i be (-1*(-3)/(-6))/(4/(-96)). Let b be 675/(-81)*i/(-10). What is the highest common factor of b and 10?
10
Let i = 9 - 7. Let y = 10 - i. Let l be 632/40 + 1/5. What is the highest common factor of l and y?
8
Suppose b - 9 = 14. Suppose -2*m = 5*l - 158, 31 + 18 = m - 5*l. What is the greatest common divisor of b and m?
23
Let j = 1078 + -1006. What is the greatest common divisor of j and 408?
24
Let v(g) = -1 + 12*g**2 + 2*g + 24*g**2 - 7*g**2. Let x be v(1). Suppose y + 4*r - 3 = 3, 0 = 5*y + 5*r - x. Calculate the greatest common factor of y and 3.
3
Let g be -3 - 7/(42/(-1158)). Calculate the highest common factor of 38 and g.
38
Suppose -2158 = -12*c + 2354. Calculate the highest common divisor of c and 8.
8
Let i(z) be the first derivative of -7*z**2 - 9*z + 1. Let m be i(-6). Let u be 2/(-4) - (-61)/2. What is the highest common factor of u and m?
15
Let t = 11 + -6. Let m = 37 + -33. Suppose -c = 5, m*c + 54 = 4*x - 26. Calculate the highest common divisor of t and x.
5
Suppose -b = -5*a - 10, -3*a - 6 + 7 = -2*b. Suppose 1 + 8 = -r. Let l = a - r. What is the greatest common factor of 42 and l?
6
Let q = -9 + 12. Suppose q*n - 43 = 17. What is the greatest common factor of 30 and n?
10
Let f = 6 + -16. Let d be (-1684)/f - (-3 + (-34)/(-10)). Calculate the highest common divisor of d and 14.
14
Let r(m) = -6*m - 100. Let a be r(-25). Calculate the highest common divisor of 425 and a.
25
Suppose 3*d + 4*d = 0. Suppose 10*i - 6*i - 1232 = d. Let j(z) = 8*z**2 - 2*z. Let f be j(2). What is the highest common factor of f and i?
28
Let v be (5*115/(-75))/((-1)/3). Calculate the highest common divisor of 3841 and v.
23
Let x = 632 - 569. Suppose -2*j + 42 = -0*j. Calculate the greatest common divisor of x and j.
21
Let c = -46 + 20. Let j = c - -19. Let x be (j - 5)*2/(-4). What is the highest common divisor of x and 2?
2
Let r = 25 - 13. Let i(u) = -12*u**3 + u + 1. Let y(j) = -j**2 - 2*j - 1. Let g be y(-2). Let p be i(g). What is the highest common factor of r and p?
12
Suppose 0 = -81*j + 83*j - 30. What is the highest common factor of 48 and j?
3
Suppose 10*x = 6*x - 40. Let j be x*6*(-6)/9. What is the highest common factor of j and 8?
8
Let v = 336 + -273. What is the greatest common factor of 14 and v?
7
Suppose 108 = 15*v - 12*v. Suppose -2*u + 11 = 1. Let b be ((-24)/(-10))/(1/u). What is the highest common factor of v and b?
12
Let d(k) = k**2 + 4*k + 4. Let v be d(-6). Suppose -5*t + 0*t + 5*o = 200, -5*o = -t - 40. Let p = t + 88. Calculate the highest common factor of p and v.
16
Let g be 7 - (-1 + 4) - 4. Suppose -4*k - k + 585 = g. Suppose -5*w = 0, -36 = -3*u - 4*w + k. Calculate the highest common factor of u and 17.
17
Let f be (-5)/(45/(-36)) + (13 - 1). Calculate the highest common factor of 12 and f.
4
Suppose 3*v - 7 - 2 = 0. Let c be (-6)/(4 + -6 + 0). Suppose -c*l + 6 + 3 = 0. Calculate the highest common divisor of l and v.
3
Suppose 8*y - 913 = -17. What is the highest common divisor of y and 80?
16
Let u be (-5 + -3 + 12)/(1/2). Calculate the greatest common factor of u and 56.
8
Suppose 5*b + 14*t = 12*t + 245, 49 = b + 2*t. Calculate the highest common factor of 196 and b.
49
Let l = -24 - -32. Let v be 138*l/12 + -4. Suppose -4*q + 7*q - 24 = 0. Calculate the greatest common factor of q and v.
8
Let k = 8 + 3. Let d(z) = -z**3 + 10*z**2 + 11*z + 2. Let t be d(k). Suppose -t*p + v + 4*v = -7, p - 7 = -v. What is the highest common factor of p and 48?
6
Suppose 0 = 24*z - 26*z + 10. Suppose -z*u + 37 = -8. Calculate the highest common factor of 45 and u.
9
Suppose -133 = -13*w - 29. Suppose -4*d = 3*i - 48, -5*i = d - w*i - 12. What is the highest common factor of d and 60?
12
Suppose -44*z + 66*z = 594. What is the highest common divisor of z and 27?
27
Suppose 0 = -104*y + 106*y - 48. What is the highest common factor of 384 and y?
24
Suppose 23 = 4*r - 5*g, 5*g - 2*g + 15 = 3*r. Suppose k + r*j - 12 - 14 = 0, 0 = -j + 5. Calculate the highest common divisor of 40 and k.
8
Let z be 2/7 - 122/(-14). Let k(g) = -10*g - 1 + 3*g + 2*g + 3*g. Let i be k(-5). Calculate the highest common divisor of z and i.
9
Suppose 0 = 86*i - 445 - 845. Suppose -5*v + 44 + 11 = -n, 3*n = 4*v - 44. Let p = v - 6. Calculate the greatest common factor of p and i.
5
Suppose -u - 18 = -r, 2*r + 3*u - 40 = 7*u. Calculate the highest common divisor of r and 256.
16
Let g = -2 + 4. Suppose -g*w + 58 = 4*k, k - 3*k + 2*w = -14. Let o = 74 + -50. Calculate the greatest common divisor of o and k.
12
Let o = 20 - 5. Let q(j) = -j**3 + 21*j + 135. Let a be q(0). Calculate the highest common divisor of a and o.
15
Let l(m) = -3*m**2 + 23*m - 10. Let x be l(7). Calculate the greatest common divisor of 8 and x.
4
Suppose 49*f - 48 = 48*f. Let o be (1*(-8)/14)/(f/(-168)). Let h = 38 + -20. What is the highest common divisor of h and o?
2
Let y(r) = 3*r**3 + r**2 + 2. Let t be y(-2). Let g = t + 32. Let w = 12 + g. Calculate the highest common divisor of 65 and w.
13
Let k(o) = 6*o. Let r be k(2). Let y be (-1)/12*-12*108. Calculate the highest common divisor of y and r.
12
Suppose 4*u - 400 = -5*i + u, -u = -4*i + 320. What is the highest common factor of i and 144?
16
Let i(q) = -6*q + 17 - 5 + 11*q - q. Let v be i(5). What is the greatest common factor of v and 48?
16
Let j(s) = 2*s**2 + 5*s - 8. Let t be j(-4). Let r be (t/3)/((-48)/(-108)). What is the highest common divisor of r and 27?
3
Suppose 0 = -g - 5 - 0, 4*g + 28 = 2*s. What is the greatest common factor of 3 and s?
1
Let w(k) be the second derivative of -4*k**3/3 - 7*k**2 - 11*k. Let p be w(-4). What is the greatest common factor of 2 and p?
2
Let b(z) = -z**3 - 4*z**2 + 6*z + 10. Let r be b(-5). Suppose -369 = -r*s - 69. Let t be -4 - -16 - (2 - 0). What is the highest common factor of s and t?
10
Suppose -